{"id":1551,"date":"2023-12-29T13:14:33","date_gmt":"2023-12-29T18:14:33","guid":{"rendered":"https:\/\/middlesexcollege.edu\/academics\/?page_id=1551"},"modified":"2023-12-29T13:14:33","modified_gmt":"2023-12-29T18:14:33","slug":"internships","status":"publish","type":"page","link":"https:\/\/middlesexcollege.edu\/academics\/career-planning\/career-planning-for-students\/internships\/","title":{"rendered":"Internships"},"content":{"rendered":"\n<p>Most internships are full-time for the semester and can be part of a formal program hosted by an employer or organization that includes other activities in addition to work experience, perhaps including professional development workshops, conferences or opportunities to network. Application deadlines can be approximately six months before the start of the internship, so look to apply in October\/November for summer internships.<\/p>\n\n\n\n<ul class=\"wp-block-list\">\n<li>Start your internship search by preparing\/updating your r\u00e9sum\u00e9. Don&#8217;t have a good working draft? Use the R\u00e9sum\u00e9Builder in CareerCoach to get started.<\/li>\n\n\n\n<li>Use Handshake to access internship information, information sessions and to search for posted internships.<\/li>\n\n\n\n<li>Other good sites include: Indeed.com as well as professional websites within your field. Remember, many formal internships are very competitive &#8211; don&#8217;t wait until the last minute to apply! For summer internships, start your search in November and apply by the end of the Fall semester.<\/li>\n\n\n\n<li>Consult your professors and faculty for professional opportunities and sites.<\/li>\n<\/ul>\n","protected":false},"excerpt":{"rendered":"<p>An internship, a form of on-the-job learning that can be paid or unpaid, can serve as a steppingstone to a permanent job in your chosen field.<\/p>\n","protected":false},"author":1,"featured_media":0,"parent":1425,"menu_order":0,"comment_status":"closed","ping_status":"closed","template":"","meta":{"_acf_changed":false,"footnotes":""},"class_list":["post-1551","page","type-page","status-publish","hentry"],"acf":[],"yoast_head":"<!-- This site is optimized with the Yoast SEO plugin v27.3 - https:\/\/yoast.com\/product\/yoast-seo-wordpress\/ -->\n<title>Internships | Middlesex College<\/title>\n<meta name=\"robots\" content=\"index, follow, max-snippet:-1, max-image-preview:large, max-video-preview:-1\" \/>\n<link rel=\"canonical\" href=\"https:\/\/middlesexcollege.edu\/academics\/career-planning\/career-planning-for-students\/internships\/\" \/>\n<meta property=\"og:locale\" content=\"en_US\" \/>\n<meta property=\"og:type\" content=\"article\" \/>\n<meta property=\"og:title\" content=\"Internships | Middlesex College\" \/>\n<meta property=\"og:description\" content=\"An internship, a form of on-the-job learning that can be paid or unpaid, can serve as a steppingstone to a permanent job in your chosen field.\" \/>\n<meta property=\"og:url\" content=\"https:\/\/middlesexcollege.edu\/academics\/career-planning\/career-planning-for-students\/internships\/\" \/>\n<meta property=\"og:site_name\" content=\"Academics\" \/>\n<meta name=\"twitter:card\" content=\"summary_large_image\" \/>\n<meta name=\"twitter:label1\" content=\"Est. reading time\" \/>\n\t<meta name=\"twitter:data1\" content=\"1 minute\" \/>\n<script type=\"application\/ld+json\" class=\"yoast-schema-graph\">{\"@context\":\"https:\\\/\\\/schema.org\",\"@graph\":[{\"@type\":\"WebPage\",\"@id\":\"https:\\\/\\\/middlesexcollege.edu\\\/academics\\\/career-planning\\\/career-planning-for-students\\\/internships\\\/\",\"url\":\"https:\\\/\\\/middlesexcollege.edu\\\/academics\\\/career-planning\\\/career-planning-for-students\\\/internships\\\/\",\"name\":\"Internships | Middlesex College\",\"isPartOf\":{\"@id\":\"https:\\\/\\\/middlesexcollege.edu\\\/academics\\\/#website\"},\"datePublished\":\"2023-12-29T18:14:33+00:00\",\"breadcrumb\":{\"@id\":\"https:\\\/\\\/middlesexcollege.edu\\\/academics\\\/career-planning\\\/career-planning-for-students\\\/internships\\\/#breadcrumb\"},\"inLanguage\":\"en-US\",\"potentialAction\":[{\"@type\":\"ReadAction\",\"target\":[\"https:\\\/\\\/middlesexcollege.edu\\\/academics\\\/career-planning\\\/career-planning-for-students\\\/internships\\\/\"]}]},{\"@type\":\"BreadcrumbList\",\"@id\":\"https:\\\/\\\/middlesexcollege.edu\\\/academics\\\/career-planning\\\/career-planning-for-students\\\/internships\\\/#breadcrumb\",\"itemListElement\":[{\"@type\":\"ListItem\",\"position\":1,\"name\":\"Career Readiness and Planning\",\"item\":\"https:\\\/\\\/middlesexcollege.edu\\\/academics\\\/career-planning\\\/\"},{\"@type\":\"ListItem\",\"position\":2,\"name\":\"Career Planning for Students\",\"item\":\"https:\\\/\\\/middlesexcollege.edu\\\/academics\\\/career-planning\\\/career-planning-for-students\\\/\"},{\"@type\":\"ListItem\",\"position\":3,\"name\":\"Internships\"}]},{\"@type\":\"WebSite\",\"@id\":\"https:\\\/\\\/middlesexcollege.edu\\\/academics\\\/#website\",\"url\":\"https:\\\/\\\/middlesexcollege.edu\\\/academics\\\/\",\"name\":\"Academics\",\"description\":\"\",\"potentialAction\":[{\"@type\":\"SearchAction\",\"target\":{\"@type\":\"EntryPoint\",\"urlTemplate\":\"https:\\\/\\\/middlesexcollege.edu\\\/academics\\\/?s={search_term_string}\"},\"query-input\":{\"@type\":\"PropertyValueSpecification\",\"valueRequired\":true,\"valueName\":\"search_term_string\"}}],\"inLanguage\":\"en-US\"}]}<\/script>\n<!-- \/ Yoast SEO plugin. -->","yoast_head_json":{"title":"Internships | Middlesex College","robots":{"index":"index","follow":"follow","max-snippet":"max-snippet:-1","max-image-preview":"max-image-preview:large","max-video-preview":"max-video-preview:-1"},"canonical":"https:\/\/middlesexcollege.edu\/academics\/career-planning\/career-planning-for-students\/internships\/","og_locale":"en_US","og_type":"article","og_title":"Internships | Middlesex College","og_description":"An internship, a form of on-the-job learning that can be paid or unpaid, can serve as a steppingstone to a permanent job in your chosen field.","og_url":"https:\/\/middlesexcollege.edu\/academics\/career-planning\/career-planning-for-students\/internships\/","og_site_name":"Academics","twitter_card":"summary_large_image","twitter_misc":{"Est. reading time":"1 minute"},"schema":{"@context":"https:\/\/schema.org","@graph":[{"@type":"WebPage","@id":"https:\/\/middlesexcollege.edu\/academics\/career-planning\/career-planning-for-students\/internships\/","url":"https:\/\/middlesexcollege.edu\/academics\/career-planning\/career-planning-for-students\/internships\/","name":"Internships | Middlesex College","isPartOf":{"@id":"https:\/\/middlesexcollege.edu\/academics\/#website"},"datePublished":"2023-12-29T18:14:33+00:00","breadcrumb":{"@id":"https:\/\/middlesexcollege.edu\/academics\/career-planning\/career-planning-for-students\/internships\/#breadcrumb"},"inLanguage":"en-US","potentialAction":[{"@type":"ReadAction","target":["https:\/\/middlesexcollege.edu\/academics\/career-planning\/career-planning-for-students\/internships\/"]}]},{"@type":"BreadcrumbList","@id":"https:\/\/middlesexcollege.edu\/academics\/career-planning\/career-planning-for-students\/internships\/#breadcrumb","itemListElement":[{"@type":"ListItem","position":1,"name":"Career Readiness and Planning","item":"https:\/\/middlesexcollege.edu\/academics\/career-planning\/"},{"@type":"ListItem","position":2,"name":"Career Planning for Students","item":"https:\/\/middlesexcollege.edu\/academics\/career-planning\/career-planning-for-students\/"},{"@type":"ListItem","position":3,"name":"Internships"}]},{"@type":"WebSite","@id":"https:\/\/middlesexcollege.edu\/academics\/#website","url":"https:\/\/middlesexcollege.edu\/academics\/","name":"Academics","description":"","potentialAction":[{"@type":"SearchAction","target":{"@type":"EntryPoint","urlTemplate":"https:\/\/middlesexcollege.edu\/academics\/?s={search_term_string}"},"query-input":{"@type":"PropertyValueSpecification","valueRequired":true,"valueName":"search_term_string"}}],"inLanguage":"en-US"}]}},"_links":{"self":[{"href":"https:\/\/middlesexcollege.edu\/academics\/wp-json\/wp\/v2\/pages\/1551","targetHints":{"allow":["GET"]}}],"collection":[{"href":"https:\/\/middlesexcollege.edu\/academics\/wp-json\/wp\/v2\/pages"}],"about":[{"href":"https:\/\/middlesexcollege.edu\/academics\/wp-json\/wp\/v2\/types\/page"}],"author":[{"embeddable":true,"href":"https:\/\/middlesexcollege.edu\/academics\/wp-json\/wp\/v2\/users\/1"}],"replies":[{"embeddable":true,"href":"https:\/\/middlesexcollege.edu\/academics\/wp-json\/wp\/v2\/comments?post=1551"}],"version-history":[{"count":6,"href":"https:\/\/middlesexcollege.edu\/academics\/wp-json\/wp\/v2\/pages\/1551\/revisions"}],"predecessor-version":[{"id":1683,"href":"https:\/\/middlesexcollege.edu\/academics\/wp-json\/wp\/v2\/pages\/1551\/revisions\/1683"}],"up":[{"embeddable":true,"href":"https:\/\/middlesexcollege.edu\/academics\/wp-json\/wp\/v2\/pages\/1425"}],"wp:attachment":[{"href":"https:\/\/middlesexcollege.edu\/academics\/wp-json\/wp\/v2\/media?parent=1551"}],"curies":[{"name":"wp","href":"https:\/\/api.w.org\/{rel}","templated":true}]}}